 -5*s, 26 = -s - 4*i + 65. What is the units digit of s?
7
Suppose -4*a - 88 = -2*z, -6*a = -a - 5*z + 105. Let q = a - -47. What is the units digit of 4/(q/9 + -2)?
6
Suppose 6*p = p + 15. What is the tens digit of p + (8*2 - 2)?
1
Suppose 52 = -5*x + 2*k, -x + 5*x - 3*k = -43. Let u = -3 - x. Let o = u - -3. What is the tens digit of o?
1
Suppose -3*u + 6 = -54. What is the tens digit of u?
2
Suppose 0*p - 35 = -4*h - 5*p, -h + 6 = 4*p. What is the tens digit of h?
1
Suppose -86 = -4*y + v, y + y - 40 = 2*v. Suppose -2*d + 0*d + y = 0. What is the units digit of d?
1
Let w = 4 - -214. What is the units digit of w?
8
Let z be 3/(-9)*0 - -5. Let g = z + 8. What is the units digit of g?
3
Suppose 2*v = 48 + 52. What is the units digit of v?
0
Let w(m) = 0 - m**2 + 0*m - 4*m + 0 + 1. What is the units digit of w(-4)?
1
Suppose 4*w + 3*f = -2*f + 163, -2 = 2*f. What is the tens digit of w?
4
What is the hundreds digit of 1627/9 - (-4)/18?
1
Let h(l) = -l + 4. Suppose 4*w = -d - 19, w - 3*d - 8 = -3. What is the units digit of h(w)?
8
Let h(p) = 2*p**2 + 2*p + 8. What is the tens digit of h(-7)?
9
Let u be (-5 + 0)/(-1 + 0). Suppose 0 = -u*v - 2*w + 5, -v - 2*v - 3*w = 6. Suppose -2*f + 30 = v*f. What is the units digit of f?
6
Let f be 1 + 0*3/9. Let y(x) = 6*x - 1. Let v be y(f). Suppose -v*r + 70 = -2*b, 56 = 4*r + 3*b - 0*b. What is the tens digit of r?
1
Let y = -83 - -84. What is the units digit of y?
1
Let s = 1 + 1. Suppose -z = s*z - 66. Let c = z + -13. What is the units digit of c?
9
Suppose 19 = 3*i + 7. Suppose 124 = i*g - 2*g. Suppose -g = -5*y - 22. What is the units digit of y?
8
What is the units digit of 4 - (-4 - 34*3)?
0
What is the units digit of 142 + 0/(-1) + 2 + -3?
1
Let p(r) = -2 + r + 2 - 18*r**3 + 1. What is the units digit of p(-1)?
8
Let o be 44*14 + 2 + -3. Let p = o - 426. What is the units digit of p/7*(-1)/(-3)?
9
Let v = 28 + -15. What is the tens digit of v?
1
Let k = 9 + 158. What is the hundreds digit of k?
1
Let z = 46 - 11. What is the tens digit of z?
3
Let l be (-6 + 3 - -4)/(-1). Let f = 1 - l. Suppose f*q = q + 5. What is the units digit of q?
5
Suppose -3*s = s - 36. What is the units digit of s?
9
Let i = 75 + -22. What is the units digit of i?
3
Let i(s) = 2*s**3 - s**2 + s + 1. Let y be i(-1). Let p = -1 - y. What is the units digit of 3/3 + p - -2?
5
Suppose 4*v - 8 = -2*j, -4*v + 9*v = 4*j - 16. Suppose -4*a = -0*a - 4*r - 24, -3*r = -a + 8. Suppose v*k + a*k = 35. What is the units digit of k?
7
Suppose y - 2*y + 3*n = -101, -2*n - 466 = -5*y. What is the tens digit of y?
9
Let u(i) = -5*i - 13. What is the units digit of u(-5)?
2
Let p(t) = 20*t + 9. Let v(l) = -13*l - 6. Let m(c) = -5*p(c) - 8*v(c). What is the units digit of m(3)?
5
Let b be 427/(-11) + 4/(-22). Let t be 2/(3 - b/(-15)). Suppose 0*f - 10 = -t*f. What is the units digit of f?
2
Let b(t) = t + 5. Let p be b(-5). Suppose p*c = -2*o - c, 5*o + 11 = 3*c. What is the units digit of o - (-3 - (18 + -1))?
9
Suppose -4 = -2*y + 2. Suppose -4*h + 16 = 0, y*n - h = -0*n + 35. What is the units digit of n?
3
Let o(h) = h**3 - 5*h**2 - 5*h - 2. What is the units digit of o(6)?
4
Let s(o) = o**2 + 7*o + 4. Let i be s(-7). Suppose i*v = -v - 5. What is the tens digit of (-1*(-11)/(-1))/v?
1
Suppose -3*f - 4 = -5*f. Let h be f - (-3)/9*0. Suppose -21 = -5*x + h*x. What is the units digit of x?
7
Suppose 5*j = 36 - 11. Suppose 0 = -j*m + 33 + 87. What is the tens digit of m?
2
Let v(w) = 2*w + 10. Let u be v(-7). Let r be 5/(-1) - (3 + u). What is the units digit of r/(-6)*(-510)/(-20)?
7
Let a be (-74)/(-2)*(3 + -2). Suppose 2*y = 1 + a. Suppose 4*o - y = 41. What is the tens digit of o?
1
Let f = 3 - -1. Let y be (2/f)/(1/(-76)). Let c = -27 - y. What is the tens digit of c?
1
What is the units digit of -13*3*-4 + (3 - 6)?
3
Let d(g) = -g**3 + 3*g**2 + 3*g - 4. Let h be d(3). Suppose a - 64 = 4*n, -h*n - 129 = -4*a - 49. Let s = n + 33. What is the units digit of s?
7
Let r(n) = n**2 - 8*n + 8. Suppose -2*p + 8 = -6. What is the units digit of r(p)?
1
Let h(g) = g**3 + 3*g + 4. What is the units digit of h(3)?
0
Let j(t) = -t**3 - 9*t**2 - t - 5. Let x(p) be the third derivative of -p**4/3 - p**3/6 + 2*p**2. Let o be x(1). What is the units digit of j(o)?
4
Let f be (280/(-15))/(1/(-3)). Let r be (-5)/(-2)*f/20. Let v(u) = -u**2 + 7*u + 10. What is the tens digit of v(r)?
1
Let q = 18 - 30. Let n = 14 + q. What is the units digit of n?
2
Let p = -393 - -558. What is the hundreds digit of p?
1
Suppose -2*z = z - 339. What is the tens digit of z/5 + (-16)/(-40)?
2
Suppose -r = -3*l - 14, r - 4*l - 17 = -0*r. Let h be 1/2 - 3/(-2). Suppose 4*j - 2*m = 0, -3*j = -h*m + 3*m - r. What is the units digit of j?
1
Suppose -2*g - 2*g - 2*u = -302, -4*g + 4*u = -308. What is the units digit of g?
6
Let l(r) = 2*r. Let f be l(-1). Let m = f - -2. Suppose -4*c + 5 - 19 = h, -2*h - c = m. What is the units digit of h?
2
Let m(r) = -r**2 + 7*r + 4. What is the units digit of m(7)?
4
Let j be -6 - -8 - 11/(-1). Suppose -4*m = -3*m - 5*k - 23, -2*m - k = -2. Let c = j - m. What is the tens digit of c?
1
Suppose -191 = -7*z + 12. What is the units digit of z?
9
Let x = -122 + 327. What is the units digit of x?
5
Suppose -3*o - 18 = 15. Let z(w) = w**2 + 11*w + 14. Let s(k) = 3*k**2 + 32*k + 42. Let j(g) = 2*s(g) - 7*z(g). What is the units digit of j(o)?
8
Let j(i) be the third derivative of -i**6/120 + i**5/12 + 7*i**4/24 - i**3/6 + 2*i**2. Let o be j(6). Let r = -3 + o. What is the units digit of r?
2
Let p(t) = 12*t**2 + 8*t - 6. What is the units digit of p(-5)?
4
What is the tens digit of 1*66*(-11)/(-33)?
2
Let g be (0 - 2/(-4))*30. Suppose 0 = 3*p - g - 3. Suppose -42 = -4*u + p. What is the units digit of u?
2
Suppose 27 = 5*w + 7. Suppose -w*t = 4*q - 84, -2*t + 37 = q - 4*q. What is the tens digit of t?
2
Let g = 104 - 28. What is the units digit of g?
6
Let l = 10 - -62. What is the tens digit of l?
7
Let t = -12 - -15. Suppose 26 = t*b - 2*b. What is the tens digit of b?
2
Let a(k) = -k**2 + k + 6. Suppose 2*j + 13 = s, 2*s + 4*j = -3*s - 5. Let p(g) = -g**2 + 4*g - 3. Let d be p(s). What is the units digit of a(d)?
6
Suppose -a - 66 = -j + 4*a, -4*a = 4*j - 144. What is the units digit of j?
1
Suppose 2*w + 9 = 41. What is the tens digit of w?
1
Suppose 55 = 5*y + 4*l - 31, -y + 20 = -2*l. Suppose y = -2*h + 3*h. What is the tens digit of h?
1
Suppose 13 + 49 = 2*a. What is the tens digit of a?
3
Let d(a) = a. Let h(j) = -4*j + 11. Let s(v) = -1. Let y(i) = h(i) + 5*s(i). Let p(c) = -2*d(c) - y(c). What is the units digit of p(4)?
2
Let x = -1 - 0. Let k = x - -5. Suppose -7*b - 24 = -4*d - 2*b, -k*b = 2*d - 12. What is the units digit of d?
6
Suppose 0 = 2*y - 75 + 35. What is the tens digit of y?
2
Suppose -3*q + 296 = -154. What is the units digit of q?
0
Suppose 10 + 12 = -2*s. Let l = 29 + s. What is the tens digit of l?
1
Suppose 3 - 35 = -4*s. Suppose 0*l + 2*l - s = 0. What is the units digit of l/(-8)*(-4 - -2)?
1
Let c = 56 - 20. Suppose 3*t = -3*y - 0*t + c, -5*y + 2*t + 67 = 0. What is the tens digit of y?
1
Suppose 3*k + 2*k - 25 = 0. Suppose -k*p - 2*d = -6, -2 = -3*p - 4*d - 4. What is the units digit of -1*((1 - 8) + p)?
5
Let n(v) be the second derivative of v**4/12 - v**3/6 - v**2/2 + v. Let m(w) = 5*w**2 - w - 7. Let x(f) = m(f) - 6*n(f). What is the units digit of x(4)?
3
Let k(o) = -2*o - 2. Let p be k(-5). Let s = p - 5. Let d = 5 - s. What is the units digit of d?
2
Let u(t) = 5*t**2 - 17*t + 10. Let f(q) = -q**2 + q - 1. Let j(l) = -4*f(l) - u(l). What is the tens digit of j(11)?
1
Let v be (0 - (-4 - -1))*-8. Let y = v + 40. What is the tens digit of y?
1
Let u be (-6)/4*2 - -7. Suppose -11 = -u*b + 41. What is the units digit of b?
3
Suppose -2*o = 3*o + 60. Let y = -3 - o. What is the units digit of y?
9
Suppose g = 5*g + 4*c - 20, -g = -4*c. Let t = g + -12. Let v = t - -17. What is the units digit of v?
9
Suppose -4*d + 16 = -2*f - 8, 24 = -3*f + 3*d. What is the units digit of f*(-2 + -1 - -2)?
4
Let b be 1*-2 + (-2 - -7). Let o = b + -6. Let r(p) = -p**2 - 3*p + 3. What is the units digit of r(o)?
3
Suppose 0*l - 4*l + 3*y = -18, -4 = 2*l + 5*y. Suppose -l*k - 64 - 2 = -3*i, 4*i + 5*k = 97. What is the units dig